) to base 3
2
Convert -212 (base 3) to base 10.
-23
What is -19 (base 14) in base 12?
-1b
Convert -6 (base 16) to base 7.
-6
Convert 3 (base 14) to base 13.
3
What is 2 (base 8) in base 9?
2
1113 (base 4) to base 11
7a
What is 122 (base 15) in base 5?
2012
-a (base 12) to base 8
-12
111 (base 3) to base 13
10
What is -2211 (base 3) in base 8?
-114
-35 (base 8) to base 9
-32
121 (base 3) to base 7
22
-70 (base 13) to base 6
-231
What is -22 (base 4) in base 7?
-13
What is 1 (base 3) in base 8?
1
What is -1 (base 14) in base 4?
-1
What is 10 (base 4) in base 12?
4
Convert -4 (base 7) to base 8.
-4
What is -2 (base 9) in base 15?
-2
What is -6 (base 9) in base 5?
-11
What is -13 (base 14) in base 16?
-11
What is 4 (base 5) in base 6?
4
What is 119 (base 16) in base 7?
551
Convert 13 (base 5) to base 15.
8
Convert 42 (base 14) to base 2.
111010
What is 10 (base 13) in base 7?
16
d (base 16) to base 12
11
0 (base 13) to base 10
0
What is 0 (base 6) in base 16?
0
What is -11 (base 7) in base 13?
-8
230 (base 5) to base 12
55
Convert -22 (base 16) to base 9.
-37
Convert -4 (base 9) to base 14.
-4
-99 (base 16) to base 9
-180
Convert -10101 (base 2) to base 10.
-21
-20 (base 9) to base 3
-200
Convert -1 (base 16) to base 15.
-1
-103 (base 8) to base 15
-47
Convert -6 (base 9) to base 2.
-110
Convert 30 (base 6) to base 13.
15
What is -112 (base 8) in base 10?
-74
Convert 1031 (base 4) to base 2.
1001101
1 (base 9) to base 3
1
-11001111 (base 2) to base 14
-10b
e (base 16) to base 11
13
What is 1 (base 16) in base 14?
1
Convert -7d (base 16) to base 6.
-325
Convert 0 (base 10) to base 16.
0
Convert -80 (base 13) to base 10.
-104
14 (base 8) to base 2
1100
Convert 5a (base 14) to base 2.
1010000
-1 (base 5) to base 10
-1
What is 68 (base 11) in base 7?
134
What is 2 (base 3) in base 2?
10
Convert -5b (base 16) to base 14.
-67
What is -2 (base 12) in base 10?
-2
What is -2 (base 15) in base 16?
-2
-10 (base 2) to base 16
-2
What is -4 (base 11) in base 14?
-4
What is -122 (base 3) in base 4?
-101
Convert -33 (base 7) to base 10.
-24
-20 (base 6) to base 13
-c
What is 37 (base 16) in base 15?
3a
-26 (base 14) to base 12
-2a
Convert 5e (base 15) to base 7.
155
205 (base 6) to base 12
65
What is -13 (base 7) in base 12?
-a
-8 (base 11) to base 13
-8
Convert 442 (base 6) to base 9.
208
178 (base 14) to base 11
255
3 (base 6) to base 16
3
Convert 2 (base 15) to base 10.
2
-243 (base 6) to base 7
-201
What is -3 (base 12) in base 13?
-3
Convert 3 (base 12) to base 10.
3
101 (base 2) to base 3
12
What is -73 (base 11) in base 3?
-2222
Convert -3 (base 5) to base 3.
-10
Convert 216 (base 10) to base 16.
d8
Convert -6 (base 13) to base 16.
-6
What is -3 (base 5) in base 14?
-3
Convert -304 (base 5) to base 15.
-54
-11 (base 3) to base 7
-4
What is -342 (base 6) in base 15?
-8e
33 (base 4) to base 13
12
-6a (base 14) to base 16
-5e
What is a1 (base 13) in base 5?
1011
13 (base 5) to base 7
11
-2 (base 4) to base 12
-2
What is -17 (base 13) in base 5?
-40
Convert -21 (base 8) to base 3.
-122
Convert -9 (base 10) to base 15.
-9
48 (base 16) to base 5
242
Convert -40 (base 6) to base 12.
-20
0 (base 16) to base 13
0
What is -37 (base 10) in base 15?
-27
-af (base 16) to base 15
-ba
Convert 3 (base 5) to base 4.
3
What is -3 (base 12) in base 3?
-10
Convert -1 (base 9) to base 11.
-1
8 (base 16) to base 4
20
-9 (base 15) to base 6
-13
Convert -3d (base 15) to base 11.
-53
1 (base 15) to base 9
1
-3001 (base 5) to base 12
-274
Convert 355 (base 6) to base 15.
98
What is -12 (base 9) in base 7?
-14
Convert 1 (base 2) to base 4.
1
Convert -5 (base 9) to base 11.
-5
Convert 210 (base 9) to base 5.
1141
Convert -2 (base 8) to base 16.
-2
300 (base 7) to base 11
124
Convert 2 (base 7) to base 13.
2
Convert 21 (base 12) to base 2.
11001
Convert -27 (base 8) to base 13.
-1a
Convert 8 (base 9) to base 5.
13
What is 331 (base 5) in base 6?
231
110 (base 9) to base 5
330
Convert 126 (base 13) to base 2.
11001001
What is 16 (base 7) in base 15?
d
What is 10 (base 4) in base 7?
4
-10100111 (base 2) to base 9
-205
121 (base 3) to base 13
13
Convert -225 (base 10) to base 13.
-144
Convert -15 (base 6) to base 4.
-23
Convert -14 (base 9) to base 4.
-31
Convert 10 (base 3) to base 16.
3
Convert 5 (base 9) to base 10.
5
Convert 269 (base 10) to base 6.
1125
What is 24 (base 7) in base 10?
18
What is 4 (base 5) in base 14?
4
-1 (base 8) to base 13
-1
What is 1c (base 14) in base 10?
26
Convert 434 (base 8) to base 15.
13e
-141 (base 10) to base 6
-353
Convert -3 (base 14) to base 3.
-10
Convert 22 (base 9) to base 4.
110
Convert 4 (base 16) to base 3.
11
What is a (base 14) in base 2?
1010
What is -3 (base 11) in base 16?
-3
What is 54 (base 11) in base 6?
135
What is 1011 (base 2) in base 6?
15
-151 (base 6) to base 2
-1000011
-20 (base 3) to base 7
-6
What is -210 (base 5) in base 6?
-131
Convert -3 (base 10) to base 3.
-10
Convert 3 (base 16) to base 15.
3
-7 (base 16) to base 5
-12
What is -1 (base 6) in base 9?
-1
What is -6 (base 12) in base 14?
-6
What is 1 (base 16) in base 6?
1
10000 (base 2) to base 5
31
33 (base 13) to base 7
60
-34 (base 10) to base 16
-22
-12 (base 6) to base 7
-11
What is 44 (base 8) in base 16?
24
Convert 3 (base 11) to base 12.
3
What is 43 (base 16) in base 14?
4b
Convert -29 (base 13) to base 4.
-203
221 (base 4) to base 12
35
Convert -231 (base 8) to base 4.
-2121
-10 (base 5) to base 13
-5
Convert -2b (base 13) to base 15.
-27
What is -1 (base 11) in base 6?
-1
What is -1 (base 7) in base 2?
-1
What is 7 (base 8) in base 12?
7
-a7 (base 11) to base 10
-117
Convert -12 (base 12) to base 13.
-11
-11 (base 7) to base 15
-8
6 (base 7) to base 15
6
Convert -75 (base 15) to base 14.
-7c
What is 101 (base 3) in base 4?
22
What is -2 (base 16) in base 12?
-2
Convert 4 (base 6) to base 3.
11
Convert 111001 (base 2) to base 14.
41
5 (base 14) to base 10
5
Convert 0 (base 14) to base 11.
0
What is -81 (base 13) in base 10?
-105
Convert -1112 (base 3) to base 13.
-32
-111 (base 2) to base 4
-13
What is 14 (base 16) in base 8?
24
3 (base 12) to base 4
3
Convert -22 (base 6) to base 4.
-32
-2231 (base 4) to base 8
-255
What is -11 (base 7) in base 4?
-20
What is -12 (base 4) in base 10?
-6
4 (base 14) to base 4
10
-22 (base 5) to base 13
-c
What is 100 (base 2) in base 11?
4
-103 (base 4) to base 14
-15
What is 124 (base 5) in base 14?
2b
-26 (base 7) to base 3
-202
Convert 432 (base 5) to base 8.
165
Convert -1 (base 12) to base 9.
-1
What is -1210 (base 3) in base 4?
-300
30 (base 5) to base 13
12
What is -2 (base 16) in base 14?
-2
15 (base 11) to base 14
12
Convert -1011 (base 3) to base 4.
-133
Convert 1 (base 8) to base 16.
1
Convert -17 (base 8) to base 10.
-15
21 (base 5) to base 6
15
What is 2a (base 14) in base 9?
42
Convert 13 (base 9) to base 15.
c
-81 (base 10) to base 7
-144
145 (base 8) to base 9
122
1 (base 3) to base 8
1
136 (base 13) to base 2
11010110
What is -33 (base 5) in base 13?
-15
What is 0 (base 8) in base 9?
0
-5 (base 13) to base 8
-5
What is -1a (base 15) in base 6?
-41
Convert 2221 (base 3) to base 4.
1033
Convert -1101 (base 2) to base 6.
-21
What is 3 (base 7) in base 10?
3
What is 10101110 (base 2) in base 11?
149
Convert 221 (base 4) to base 9.
45
What is 21 (base 12) in base 16?
19
-1c (base 13) to base 16
-19
Convert -120 (base 3) to base 15.
-10
3 (base 4) to base 8
3
17 (base 13) to base 15
15
What is 28 (base 12) in base 3?
1012
What is 401 (base 9) in base 10?
325
Convert 76 (base 9) to base 8.
105
-12 (base 12) to base 9
-15
Convert 1020 (base 4) to base 3.
2200
Convert -1 (base 2) to base 16.
-1
Convert 16 (base 8) to base 14.
10
What is -108 (base 13) in base 4?
-2301
What is -100 (base 2) in base 16?
-4
20 (base 10) to base 15
15
Convert -102 (base 8) to base 12.
-56
-d (base 16) to base 10
-13
Convert 1 (base 10) to base 4.
1
What is -165 (base 14) in base 12?
-1b9
0 (base 10) to base 6
0
What is -4 (base 9) in base 5?
-4
What is 1 (base 2) in base 14?
1
-89 (base 11) to base 7
-166
What is -16 (base 10) in base 9?
-17
Convert -29 (base 15) to base 2.
-100111
Convert -13 (base 13) to base 4.
-100
What is 13 (base 8) in base 6?
15
Convert 0 (base 16) to base 14.
0
Convert 226 (base 7) to base 5.
433
What is -11 (ba